{"id":61,"date":"2016-05-02T19:14:49","date_gmt":"2016-05-02T19:14:49","guid":{"rendered":"http:\/\/iturnos.com.ar\/prestadores\/stringadermatologia\/?page_id=61"},"modified":"2016-05-02T19:51:28","modified_gmt":"2016-05-02T19:51:28","slug":"dra-cristina-pascutto","status":"publish","type":"page","link":"https:\/\/iturnos.com.ar\/prestadores\/stringadermatologia\/dra-cristina-pascutto\/","title":{"rendered":"Dra Cristina Pascutto"},"content":{"rendered":"<p><img loading=\"lazy\" decoding=\"async\" class=\"size-full wp-image-59 alignleft\" src=\"http:\/\/iturnos.com.ar\/prestadores\/stringadermatologia\/files\/2016\/03\/foto_2187_140_140.jpg\" alt=\"foto_2187_140_140\" width=\"140\" height=\"140\" \/><\/p>\n<p><strong>M\u00e9dica:<\/strong> t\u00edtulo otorgado por la Facultad de Medicina.(UBA) 1979<br \/>\nEspecialista en Dermatolog\u00eda: t\u00edtulo otorgado por la Sociedad Argentina de Dermatolog\u00eda. 1983<br \/>\nMN: 57831<br \/>\n<strong>Atenci\u00f3n:<\/strong> Dermatolog\u00eda cl\u00ednica y Medicina Est\u00e9tica<br \/>\n<strong>Antecedentes relevantes:<\/strong><br \/>\nActividad hospitalaria:<br \/>\n<strong>MEDICA DE PLANTA<\/strong> Servicio de Dermatolog\u00eda del Hospital de Cl\u00ednicas \u201cJos\u00e9 de San Mart\u00edn\u201d<br \/>\n<strong>JEFA SECCI\u00d3N:<\/strong> Dermatoinmunolog\u00eda. Servicio de Dermatolog\u00eda Htal. de Cl\u00ednicas \u201cJos\u00e9 de San Mart\u00edn\u00b4\u00b4<br \/>\nActividad Docente:<br \/>\n<strong>PROF. ADJUNTA<\/strong> a cargo de la c\u00e1tedra de dermatolog\u00eda Facultad de Medicina. Universidad Abierta Interamericana (UAI) DOCENTE ADSCRIPTA. Facultad de Medicina UBA. C\u00e1tedra Dermatolog\u00eda Htal. de Cl\u00ednicas \u201cJos\u00e9 de San Mart\u00edn\u00b4\u00b4 COORDINADORA: Curso Anual de actualizaci\u00f3n Cl\u00ednica Terap\u00e9utica. Htal de Cl\u00ednicas \u00b4\u00b4Jos\u00e9 de San Mart\u00edn\u00b4 <strong>INTEGRANTE COMIT\u00c9 ORGANIZADOR:<\/strong> Curso de Perfeccionamiento Dermatol\u00f3gico Intensivo para graduados \u2018\u2019Dr. Luis Pierini \u2018\u2019desde el a\u00f1o 1993 hasta la fecha DOCENTE CARRERA DE ESPECIALISTA. Sociedad Argentina de Dermatolog\u00eda<br \/>\nAntecedentes Societarios SAD:<br \/>\nParticipaci\u00f3n activa desde el a\u00f1o 2001 hasta la fecha en diferentes cargos y actividades acad\u00e9micas realizadas por la Sociedad Argentina de Dermatolog\u00eda<br \/>\nCargo actual: Secretaria General. Comisi\u00f3n Directiva SAD. Per\u00edodo 2015\/17<br \/>\nPremios y distinciones:<br \/>\nPor la labor cient\u00edfica desarrollada ha recibido 4 premios m\u00e9dicos.<br \/>\nTrabajos y libros publicados: Autora y coautora de art\u00edculos y cap\u00edtulos de revistas y libros de la especialidad<\/p>\n<p>Participaci\u00f3n en congresos, cursos y jornadas:<br \/>\nDirecci\u00f3n y Coordinaci\u00f3n en cursos de la especialidad<br \/>\nParticipante como conferencista o relatora en congresos, cursos o jornadas organizadas por instituciones acad\u00e9micas o comunitarias, nacionales e internacionales.<\/p>\n","protected":false},"excerpt":{"rendered":"<p>M\u00e9dica: t\u00edtulo otorgado por la Facultad de Medicina.(UBA) 1979 Especialista en Dermatolog\u00eda: t\u00edtulo otorgado por la Sociedad Argentina de Dermatolog\u00eda. 1983 MN: 57831 Atenci\u00f3n: Dermatolog\u00eda cl\u00ednica y Medicina Est\u00e9tica Antecedentes relevantes: Actividad hospitalaria: MEDICA DE PLANTA Servicio de Dermatolog\u00eda del &hellip; <a href=\"https:\/\/iturnos.com.ar\/prestadores\/stringadermatologia\/dra-cristina-pascutto\/\">Sigue leyendo <span class=\"meta-nav\">&rarr;<\/span><\/a><\/p>\n","protected":false},"author":2,"featured_media":0,"parent":0,"menu_order":0,"comment_status":"closed","ping_status":"closed","template":"sidebar-page.php","meta":{"footnotes":""},"_links":{"self":[{"href":"https:\/\/iturnos.com.ar\/prestadores\/stringadermatologia\/wp-json\/wp\/v2\/pages\/61"}],"collection":[{"href":"https:\/\/iturnos.com.ar\/prestadores\/stringadermatologia\/wp-json\/wp\/v2\/pages"}],"about":[{"href":"https:\/\/iturnos.com.ar\/prestadores\/stringadermatologia\/wp-json\/wp\/v2\/types\/page"}],"author":[{"embeddable":true,"href":"https:\/\/iturnos.com.ar\/prestadores\/stringadermatologia\/wp-json\/wp\/v2\/users\/2"}],"replies":[{"embeddable":true,"href":"https:\/\/iturnos.com.ar\/prestadores\/stringadermatologia\/wp-json\/wp\/v2\/comments?post=61"}],"version-history":[{"count":4,"href":"https:\/\/iturnos.com.ar\/prestadores\/stringadermatologia\/wp-json\/wp\/v2\/pages\/61\/revisions"}],"predecessor-version":[{"id":66,"href":"https:\/\/iturnos.com.ar\/prestadores\/stringadermatologia\/wp-json\/wp\/v2\/pages\/61\/revisions\/66"}],"wp:attachment":[{"href":"https:\/\/iturnos.com.ar\/prestadores\/stringadermatologia\/wp-json\/wp\/v2\/media?parent=61"}],"curies":[{"name":"wp","href":"https:\/\/api.w.org\/{rel}","templated":true}]}}

<p><img loading="lazy" decoding="async" class="size-full wp-image-59 alignleft" src="http://iturnos.com.ar/prestadores/stringadermatologia/files/2016/03/foto_2187_140_140.jpg" alt="foto_2187_140_140" width="140" height="140" /></p>
<p><strong>Médica:</strong> título otorgado por la Facultad de Medicina.(UBA) 1979<br />
Especialista en Dermatología: título otorgado por la Sociedad Argentina de Dermatología. 1983<br />
MN: 57831<br />
<strong>Atención:</strong> Dermatología clínica y Medicina Estética<br />
<strong>Antecedentes relevantes:</strong><br />
Actividad hospitalaria:<br />
<strong>MEDICA DE PLANTA</strong> Servicio de Dermatología del Hospital de Clínicas “José de San Martín”<br />
<strong>JEFA SECCIÓN:</strong> Dermatoinmunología. Servicio de Dermatología Htal. de Clínicas “José de San Martín´´<br />
Actividad Docente:<br />
<strong>PROF. ADJUNTA</strong> a cargo de la cátedra de dermatología Facultad de Medicina. Universidad Abierta Interamericana (UAI) DOCENTE ADSCRIPTA. Facultad de Medicina UBA. Cátedra Dermatología Htal. de Clínicas “José de San Martín´´ COORDINADORA: Curso Anual de actualización Clínica Terapéutica. Htal de Clínicas ´´José de San Martín´ <strong>INTEGRANTE COMITÉ ORGANIZADOR:</strong> Curso de Perfeccionamiento Dermatológico Intensivo para graduados ‘’Dr. Luis Pierini ‘’desde el año 1993 hasta la fecha DOCENTE CARRERA DE ESPECIALISTA. Sociedad Argentina de Dermatología<br />
Antecedentes Societarios SAD:<br />
Participación activa desde el año 2001 hasta la fecha en diferentes cargos y actividades académicas realizadas por la Sociedad Argentina de Dermatología<br />
Cargo actual: Secretaria General. Comisión Directiva SAD. Período 2015/17<br />
Premios y distinciones:<br />
Por la labor científica desarrollada ha recibido 4 premios médicos.<br />
Trabajos y libros publicados: Autora y coautora de artículos y capítulos de revistas y libros de la especialidad</p>
<p>Participación en congresos, cursos y jornadas:<br />
Dirección y Coordinación en cursos de la especialidad<br />
Participante como conferencista o relatora en congresos, cursos o jornadas organizadas por instituciones académicas o comunitarias, nacionales e internacionales.</p>

<p>Médica: título otorgado por la Facultad de Medicina.(UBA) 1979 Especialista en Dermatología: título otorgado por la Sociedad Argentina de Dermatología. 1983 MN: 57831 Atención: Dermatología clínica y Medicina Estética Antecedentes relevantes: Actividad hospitalaria: MEDICA DE PLANTA Servicio de Dermatología del &hellip; <a href="https://iturnos.com.ar/prestadores/stringadermatologia/dra-cristina-pascutto/">Sigue leyendo <span class="meta-nav">&rarr;</span></a></p>
