{"id":51,"date":"2018-07-12T18:01:36","date_gmt":"2018-07-12T18:01:36","guid":{"rendered":"http:\/\/iturnos.com.ar\/prestadores\/monicasantagata\/?page_id=51"},"modified":"2018-07-12T18:05:34","modified_gmt":"2018-07-12T18:05:34","slug":"ubicacion","status":"publish","type":"page","link":"https:\/\/iturnos.com.ar\/prestadores\/monicasantagata\/ubicacion\/","title":{"rendered":"Ubicaci\u00f3n"},"content":{"rendered":"<p><strong>Direcci\u00f3n: Jun\u00edn 969 &#8211; 5\u00b0 D &#8211; CABA.<\/strong><\/p>\n<p style=\"text-align: center;\"><a href=\"https:\/\/www.google.com\/maps\/place\/5%C2%B0+++D,+Jun%C3%ADn+969,+C1113AAC+CABA\/@-34.5976209,-58.3994127,17z\/data=!3m1!4b1!4m5!3m4!1s0x95bcca95cd7c97c1:0xdf773766f7736909!8m2!3d-34.5976209!4d-58.397224\"><img decoding=\"async\" src=\"http:\/\/iturnos.com.ar\/prestadores\/monicasantagata\/files\/2018\/07\/mapa.jpg\" \/><br \/>\nHaz click sobre el mapa para ampliarlo<\/a><\/p>\n<p>&nbsp;<\/p>\n","protected":false},"excerpt":{"rendered":"<p>Direcci\u00f3n: Jun\u00edn 969 &#8211; 5\u00b0 D &#8211; CABA. Haz click sobre el mapa para ampliarlo &nbsp;<\/p>\n","protected":false},"author":2,"featured_media":0,"parent":0,"menu_order":0,"comment_status":"closed","ping_status":"closed","template":"sidebar-page.php","meta":{"footnotes":""},"_links":{"self":[{"href":"https:\/\/iturnos.com.ar\/prestadores\/monicasantagata\/wp-json\/wp\/v2\/pages\/51"}],"collection":[{"href":"https:\/\/iturnos.com.ar\/prestadores\/monicasantagata\/wp-json\/wp\/v2\/pages"}],"about":[{"href":"https:\/\/iturnos.com.ar\/prestadores\/monicasantagata\/wp-json\/wp\/v2\/types\/page"}],"author":[{"embeddable":true,"href":"https:\/\/iturnos.com.ar\/prestadores\/monicasantagata\/wp-json\/wp\/v2\/users\/2"}],"replies":[{"embeddable":true,"href":"https:\/\/iturnos.com.ar\/prestadores\/monicasantagata\/wp-json\/wp\/v2\/comments?post=51"}],"version-history":[{"count":2,"href":"https:\/\/iturnos.com.ar\/prestadores\/monicasantagata\/wp-json\/wp\/v2\/pages\/51\/revisions"}],"predecessor-version":[{"id":54,"href":"https:\/\/iturnos.com.ar\/prestadores\/monicasantagata\/wp-json\/wp\/v2\/pages\/51\/revisions\/54"}],"wp:attachment":[{"href":"https:\/\/iturnos.com.ar\/prestadores\/monicasantagata\/wp-json\/wp\/v2\/media?parent=51"}],"curies":[{"name":"wp","href":"https:\/\/api.w.org\/{rel}","templated":true}]}}