{"id":133,"date":"2023-01-06T16:56:33","date_gmt":"2023-01-06T16:56:33","guid":{"rendered":"https:\/\/iturnos.com.ar\/prestadores\/gruponpsinfantil\/?page_id=133"},"modified":"2023-03-06T20:43:32","modified_gmt":"2023-03-06T20:43:32","slug":"lic-natalia-sanchez","status":"publish","type":"page","link":"https:\/\/iturnos.com.ar\/prestadores\/gruponpsinfantil\/lic-natalia-sanchez\/","title":{"rendered":"Lic. Natalia S\u00e1nchez"},"content":{"rendered":"\n<p>Evaluaci\u00f3n Neuropsicologica y Criterios Diagn\u00f3sticos&nbsp;<\/p>\n\n\n\n<p>Para la confirmaci\u00f3n del turno es condici\u00f3n enviar dentro de las 48 hs de la reserva, al email:\u00a0<a rel=\"noreferrer noopener\" href=\"mailto:licenciadanataliasanchez@gmail.com\" target=\"_blank\">licenciadanataliasanchez@gmail.com<\/a>\u00a0el comprobante de la transferencia o dep\u00f3sito en la cuenta con CBU\u00a00150542901000112427240 del banco ICBC .<\/p>\n\n\n\n<p>&nbsp;Enviar un email para ser informado por la profesional<\/p>\n","protected":false},"excerpt":{"rendered":"<p>Evaluaci\u00f3n Neuropsicologica y Criterios Diagn\u00f3sticos&nbsp; Para la confirmaci\u00f3n del turno es condici\u00f3n enviar dentro de las 48 hs de la reserva, al email:\u00a0licenciadanataliasanchez@gmail.com\u00a0el comprobante de la transferencia o dep\u00f3sito en la cuenta con CBU\u00a00150542901000112427240 del banco ICBC . &nbsp;Enviar un &hellip; <a href=\"https:\/\/iturnos.com.ar\/prestadores\/gruponpsinfantil\/lic-natalia-sanchez\/\">Sigue leyendo <span class=\"meta-nav\">&rarr;<\/span><\/a><\/p>\n","protected":false},"author":2,"featured_media":0,"parent":0,"menu_order":0,"comment_status":"closed","ping_status":"closed","template":"sidebar-page.php","meta":{"footnotes":""},"_links":{"self":[{"href":"https:\/\/iturnos.com.ar\/prestadores\/gruponpsinfantil\/wp-json\/wp\/v2\/pages\/133"}],"collection":[{"href":"https:\/\/iturnos.com.ar\/prestadores\/gruponpsinfantil\/wp-json\/wp\/v2\/pages"}],"about":[{"href":"https:\/\/iturnos.com.ar\/prestadores\/gruponpsinfantil\/wp-json\/wp\/v2\/types\/page"}],"author":[{"embeddable":true,"href":"https:\/\/iturnos.com.ar\/prestadores\/gruponpsinfantil\/wp-json\/wp\/v2\/users\/2"}],"replies":[{"embeddable":true,"href":"https:\/\/iturnos.com.ar\/prestadores\/gruponpsinfantil\/wp-json\/wp\/v2\/comments?post=133"}],"version-history":[{"count":2,"href":"https:\/\/iturnos.com.ar\/prestadores\/gruponpsinfantil\/wp-json\/wp\/v2\/pages\/133\/revisions"}],"predecessor-version":[{"id":144,"href":"https:\/\/iturnos.com.ar\/prestadores\/gruponpsinfantil\/wp-json\/wp\/v2\/pages\/133\/revisions\/144"}],"wp:attachment":[{"href":"https:\/\/iturnos.com.ar\/prestadores\/gruponpsinfantil\/wp-json\/wp\/v2\/media?parent=133"}],"curies":[{"name":"wp","href":"https:\/\/api.w.org\/{rel}","templated":true}]}}