{"id":114,"date":"2022-10-05T15:58:04","date_gmt":"2022-10-05T15:58:04","guid":{"rendered":"https:\/\/iturnos.com.ar\/prestadores\/gruponpsinfantil\/?page_id=114"},"modified":"2023-03-06T20:41:15","modified_gmt":"2023-03-06T20:41:15","slug":"dra-fonoaudiologia-veronica-maggio","status":"publish","type":"page","link":"https:\/\/iturnos.com.ar\/prestadores\/gruponpsinfantil\/dra-fonoaudiologia-veronica-maggio\/","title":{"rendered":"Dra Veronica Maggio"},"content":{"rendered":"<div class=\"wp-block-image\">\n<figure class=\"alignleft size-full\"><a href=\"https:\/\/iturnos.com.ar\/prestadores\/gruponpsinfantil\/files\/2022\/10\/maggio.jpg\"><img loading=\"lazy\" decoding=\"async\" width=\"151\" height=\"138\" src=\"https:\/\/iturnos.com.ar\/prestadores\/gruponpsinfantil\/files\/2022\/10\/maggio.jpg\" alt=\"\" class=\"wp-image-125\"\/><\/a><\/figure><\/div>\n\n\n<p>Fonoaudiolog\u00eda<br>Evaluaci\u00f3n Neurolingu\u00edstica<\/p>\n\n\n\n<p>Es condici\u00f3n\u00a0previa realizar la transferencia o dep\u00f3sito en la cuenta con CBU 0720169788000023127236 Santander\u00a0 por la evaluaci\u00f3n e informar al email:\u00a0<a rel=\"noreferrer noopener\" href=\"mailto:veronicamaggio@yahoo.com.ar\" target=\"_blank\">veronicamaggio@yahoo.com.ar<\/a>, DENTRO de las 48hs de la reserva para confirmar el turno.<\/p>\n\n\n\n<p><\/p>\n","protected":false},"excerpt":{"rendered":"<p>Fonoaudiolog\u00edaEvaluaci\u00f3n Neurolingu\u00edstica Es condici\u00f3n\u00a0previa realizar la transferencia o dep\u00f3sito en la cuenta con CBU 0720169788000023127236 Santander\u00a0 por la evaluaci\u00f3n e informar al email:\u00a0veronicamaggio@yahoo.com.ar, DENTRO de las 48hs de la reserva para confirmar el turno.<\/p>\n","protected":false},"author":2,"featured_media":0,"parent":0,"menu_order":0,"comment_status":"closed","ping_status":"closed","template":"sidebar-page.php","meta":{"footnotes":""},"_links":{"self":[{"href":"https:\/\/iturnos.com.ar\/prestadores\/gruponpsinfantil\/wp-json\/wp\/v2\/pages\/114"}],"collection":[{"href":"https:\/\/iturnos.com.ar\/prestadores\/gruponpsinfantil\/wp-json\/wp\/v2\/pages"}],"about":[{"href":"https:\/\/iturnos.com.ar\/prestadores\/gruponpsinfantil\/wp-json\/wp\/v2\/types\/page"}],"author":[{"embeddable":true,"href":"https:\/\/iturnos.com.ar\/prestadores\/gruponpsinfantil\/wp-json\/wp\/v2\/users\/2"}],"replies":[{"embeddable":true,"href":"https:\/\/iturnos.com.ar\/prestadores\/gruponpsinfantil\/wp-json\/wp\/v2\/comments?post=114"}],"version-history":[{"count":5,"href":"https:\/\/iturnos.com.ar\/prestadores\/gruponpsinfantil\/wp-json\/wp\/v2\/pages\/114\/revisions"}],"predecessor-version":[{"id":141,"href":"https:\/\/iturnos.com.ar\/prestadores\/gruponpsinfantil\/wp-json\/wp\/v2\/pages\/114\/revisions\/141"}],"wp:attachment":[{"href":"https:\/\/iturnos.com.ar\/prestadores\/gruponpsinfantil\/wp-json\/wp\/v2\/media?parent=114"}],"curies":[{"name":"wp","href":"https:\/\/api.w.org\/{rel}","templated":true}]}}