{"id":88,"date":"2014-11-27T14:06:34","date_gmt":"2014-11-27T14:06:34","guid":{"rendered":"http:\/\/iturnos.com.ar\/prestadores\/doctoresmurga\/?page_id=88"},"modified":"2025-09-05T14:38:04","modified_gmt":"2025-09-05T14:38:04","slug":"dr-jose-ignacio-murga","status":"publish","type":"page","link":"https:\/\/iturnos.com.ar\/prestadores\/doctoresmurga\/dr-jose-ignacio-murga\/","title":{"rendered":"Dra Marcela Murga"},"content":{"rendered":"<p><a href=\"http:\/\/iturnos.com.ar\/prestadores\/doctoresmurga\/files\/2023\/07\/dramurga.jpg\"><img loading=\"lazy\" decoding=\"async\" class=\"wp-image-548 alignleft\" src=\"http:\/\/iturnos.com.ar\/prestadores\/doctoresmurga\/files\/2023\/07\/dramurga.jpg\" alt=\"\" width=\"154\" height=\"176\" \/><\/a>Especialista en Otorrinolaringolog\u00eda<\/p>\n<ul>\n<li>La dr Marcela Murga actualmente es m\u00e9dica otorrinolaring\u00f3logo del hospital Bernardino Rivadavia.<\/li>\n<li>Particular valor consulta $60.000.\n<ul>\n<li style=\"list-style-type: none;\">\n<ul>\n<li style=\"list-style-type: none;\">\n<ul>\n<li style=\"list-style-type: none;\">\n<ul>\n<li>Tambi\u00e9n se atienden con las prepagas:\u00a0 Omint O y F, Galeno oro y plata, Swiss menos el plan nubial y Osde<\/li>\n<\/ul>\n<\/li>\n<\/ul>\n<\/li>\n<\/ul>\n<\/li>\n<\/ul>\n<\/li>\n<\/ul>\n<p style=\"text-align: left;\"><span style=\"color: #ff0000;\">Agende su turno por Iturnos haga cilc sobre\u00a0 el nombre de la doctora y lo lleva a turnos online , o comun\u00edquese por WhatsApp 1141974689 los d\u00edas martes y mi\u00e9rcoles por la tarde y viernes por la ma\u00f1ana)<\/span><\/p>\n<p style=\"text-align: justify;\"><a href=\"https:\/\/secure.iturnos.com\/www.murgaconsultorio.com.ar\/iturnos\/agendas.php?id_agenda=21332684\"><img loading=\"lazy\" decoding=\"async\" class=\"aligncenter wp-image-104\" src=\"http:\/\/iturnos.com.ar\/prestadores\/doctoresmurga\/files\/2014\/11\/boton-turnos.jpg\" alt=\"boton turnos\" width=\"250\" height=\"84\" srcset=\"https:\/\/iturnos.com.ar\/prestadores\/doctoresmurga\/files\/2014\/11\/boton-turnos.jpg 665w, https:\/\/iturnos.com.ar\/prestadores\/doctoresmurga\/files\/2014\/11\/boton-turnos-300x100.jpg 300w, https:\/\/iturnos.com.ar\/prestadores\/doctoresmurga\/files\/2014\/11\/boton-turnos-500x167.jpg 500w\" sizes=\"(max-width: 250px) 100vw, 250px\" \/><\/a><\/p>\n<p style=\"text-align: left;\">\n","protected":false},"excerpt":{"rendered":"<p>Especialista en Otorrinolaringolog\u00eda La dr Marcela Murga actualmente es m\u00e9dica otorrinolaring\u00f3logo del hospital Bernardino Rivadavia. Particular valor consulta $60.000. Tambi\u00e9n se atienden con las prepagas:\u00a0 Omint O y F, Galeno oro y plata, Swiss menos el plan nubial y Osde &hellip; <a href=\"https:\/\/iturnos.com.ar\/prestadores\/doctoresmurga\/dr-jose-ignacio-murga\/\">Sigue leyendo <span class=\"meta-nav\">&rarr;<\/span><\/a><\/p>\n","protected":false},"author":2,"featured_media":0,"parent":0,"menu_order":0,"comment_status":"closed","ping_status":"open","template":"sidebar-page.php","meta":{"footnotes":""},"_links":{"self":[{"href":"https:\/\/iturnos.com.ar\/prestadores\/doctoresmurga\/wp-json\/wp\/v2\/pages\/88"}],"collection":[{"href":"https:\/\/iturnos.com.ar\/prestadores\/doctoresmurga\/wp-json\/wp\/v2\/pages"}],"about":[{"href":"https:\/\/iturnos.com.ar\/prestadores\/doctoresmurga\/wp-json\/wp\/v2\/types\/page"}],"author":[{"embeddable":true,"href":"https:\/\/iturnos.com.ar\/prestadores\/doctoresmurga\/wp-json\/wp\/v2\/users\/2"}],"replies":[{"embeddable":true,"href":"https:\/\/iturnos.com.ar\/prestadores\/doctoresmurga\/wp-json\/wp\/v2\/comments?post=88"}],"version-history":[{"count":109,"href":"https:\/\/iturnos.com.ar\/prestadores\/doctoresmurga\/wp-json\/wp\/v2\/pages\/88\/revisions"}],"predecessor-version":[{"id":603,"href":"https:\/\/iturnos.com.ar\/prestadores\/doctoresmurga\/wp-json\/wp\/v2\/pages\/88\/revisions\/603"}],"wp:attachment":[{"href":"https:\/\/iturnos.com.ar\/prestadores\/doctoresmurga\/wp-json\/wp\/v2\/media?parent=88"}],"curies":[{"name":"wp","href":"https:\/\/api.w.org\/{rel}","templated":true}]}}